{"id":4504,"date":"2021-07-20T10:12:06","date_gmt":"2021-07-20T13:12:06","guid":{"rendered":"https:\/\/www.casasparaty.com.br\/imoveis\/?page_id=4504"},"modified":"2024-11-12T17:30:13","modified_gmt":"2024-11-12T20:30:13","slug":"servicos","status":"publish","type":"page","link":"https:\/\/www.casasparaty.com.br\/imoveis\/servicos\/","title":{"rendered":"Servi\u00e7os"},"content":{"rendered":"<p>[vc_row full_width=&#8221;stretch_row&#8221; content_placement=&#8221;bottom&#8221; css=&#8221;.vc_custom_1626742412189{margin-bottom: 0px !important;border-bottom-width: 0px !important;padding-bottom: 0px !important;background: #ffffff url(https:\/\/www.casasparaty.com.br\/imoveis\/wp-content\/uploads\/2021\/07\/inoveis-slider-1.jpg?id=4498) !important;}&#8221;][vc_column css=&#8221;.vc_custom_1504771700068{padding-top: 39px !important;padding-bottom: 24px !important;}&#8221;]<div class=\" \">\n\t\n        <div class=\"mh-heading-wrapper\">\n            <h2            class=\"mh-heading  mh-heading--bottom-separator   \"\n            style=\"font-weight:700;\">\n\t\t\tConhe\u00e7a Nossos Servi\u00e7os        <\/h2>\n\n\t\t    <\/div>\n\n\t<\/div>[vc_empty_space][vc_row_inner][vc_column_inner width=&#8221;1\/4&#8243;][vc_single_image image=&#8221;4485&#8243; img_size=&#8221;full&#8221; css_animation=&#8221;zoomInDown&#8221; css=&#8221;.vc_custom_1626733231119{margin-bottom: 0px !important;border-bottom-width: 0px !important;padding-bottom: 0px !important;}&#8221; el_class=&#8221;align_botton&#8221;][\/vc_column_inner][vc_column_inner width=&#8221;1\/4&#8243;][vc_empty_space]<div class=\"mh-simple-box-wrapper\">\n    <article class=\"mh-simple-box mh-simple-box--center\">\n        <div class=\"mh-icon-wrapper mh-color-primary\"\n             style=\"\">\n            <i class=\"flaticon-home-6\"><\/i>\n        <\/div>\n\n        <div class=\"mh-simple-box__content\">\n\n            <h3 class=\"mh-simple-box__heading mh-color-default\"\n                style=\"\">\n\t\t\t\tCompra            <\/h3>\n\n            <div class=\"mh-simple-box__text mh-color-default\"\n                 style=\"\">\n\t\t\t\t<p>[vc_column_text]<\/p>\n<p>Encontre seu im\u00f3vel<\/p>\n<p>[\/vc_column_text]<\/p>\n            <\/div>\n\n\t\t\t        <\/div>\n    <\/article>\n<\/div>\n[vc_empty_space]<div class=\"mh-simple-box-wrapper\">\n    <article class=\"mh-simple-box mh-simple-box--center\">\n        <div class=\"mh-icon-wrapper mh-color-primary\"\n             style=\"\">\n            <i class=\"flaticon-apartment\"><\/i>\n        <\/div>\n\n        <div class=\"mh-simple-box__content\">\n\n            <h3 class=\"mh-simple-box__heading mh-color-default\"\n                style=\"\">\n\t\t\t\tZeladoria            <\/h3>\n\n            <div class=\"mh-simple-box__text mh-color-default\"\n                 style=\"\">\n\t\t\t\t<p>[vc_column_text]<\/p>\n<p>Administramos seu im\u00f3vel<\/p>\n<p>[\/vc_column_text]<\/p>\n            <\/div>\n\n\t\t\t        <\/div>\n    <\/article>\n<\/div>\n[\/vc_column_inner][vc_column_inner width=&#8221;1\/4&#8243;][vc_empty_space]<div class=\"mh-simple-box-wrapper\">\n    <article class=\"mh-simple-box mh-simple-box--center\">\n        <div class=\"mh-icon-wrapper mh-color-primary\"\n             style=\"\">\n            <i class=\"flaticon-home-4\"><\/i>\n        <\/div>\n\n        <div class=\"mh-simple-box__content\">\n\n            <h3 class=\"mh-simple-box__heading mh-color-default\"\n                style=\"\">\n\t\t\t\tVenda            <\/h3>\n\n            <div class=\"mh-simple-box__text mh-color-default\"\n                 style=\"\">\n\t\t\t\t<p>[vc_column_text]<\/p>\n<p>Venda seu im\u00f3vel<\/p>\n<p>[\/vc_column_text]<\/p>\n            <\/div>\n\n\t\t\t        <\/div>\n    <\/article>\n<\/div>\n[vc_empty_space]<div class=\"mh-simple-box-wrapper\">\n    <article class=\"mh-simple-box mh-simple-box--center\">\n        <div class=\"mh-icon-wrapper mh-color-primary\"\n             style=\"\">\n            <i class=\"flaticon-computer\"><\/i>\n        <\/div>\n\n        <div class=\"mh-simple-box__content\">\n\n            <h3 class=\"mh-simple-box__heading mh-color-default\"\n                style=\"\">\n\t\t\t\tRegulariza\u00e7\u00e3o            <\/h3>\n\n            <div class=\"mh-simple-box__text mh-color-default\"\n                 style=\"\">\n\t\t\t\t<p>[vc_column_text]<\/p>\n<h2><a href=\"https:\/\/www.casasparaty.com.br\/imoveis\/3-motivos-para-regularizar-seu-imovel\/\">Regulariza\u00e7\u00e3o de Im\u00f3veis<\/a><\/h2>\n<p>[\/vc_column_text]<\/p>\n            <\/div>\n\n\t\t\t        <\/div>\n    <\/article>\n<\/div>\n[\/vc_column_inner][vc_column_inner width=&#8221;1\/4&#8243;][vc_empty_space]<div class=\"mh-simple-box-wrapper\">\n    <article class=\"mh-simple-box mh-simple-box--center\">\n        <div class=\"mh-icon-wrapper mh-color-primary\"\n             style=\"\">\n            <i class=\"flaticon-rent\"><\/i>\n        <\/div>\n\n        <div class=\"mh-simple-box__content\">\n\n            <h3 class=\"mh-simple-box__heading mh-color-default\"\n                style=\"\">\n\t\t\t\tAluguel            <\/h3>\n\n            <div class=\"mh-simple-box__text mh-color-default\"\n                 style=\"\">\n\t\t\t\t<p>[vc_column_text]<\/p>\n<p>Aluguel mensal residencial<\/p>\n<p>[\/vc_column_text]<\/p>\n            <\/div>\n\n\t\t\t        <\/div>\n    <\/article>\n<\/div>\n[vc_empty_space]<div class=\"mh-simple-box-wrapper\">\n    <article class=\"mh-simple-box mh-simple-box--center\">\n        <div class=\"mh-icon-wrapper mh-color-primary\"\n             style=\"\">\n            <i class=\"flaticon-door\"><\/i>\n        <\/div>\n\n        <div class=\"mh-simple-box__content\">\n\n            <h3 class=\"mh-simple-box__heading mh-color-default\"\n                style=\"\">\n\t\t\t\tAvalia\u00e7\u00e3o            <\/h3>\n\n            <div class=\"mh-simple-box__text mh-color-default\"\n                 style=\"\">\n\t\t\t\t<p>[vc_column_text]<\/p>\n<p>Laudos de Avalia\u00e7\u00e3o<\/p>\n<p>[\/vc_column_text]<\/p>\n            <\/div>\n\n\t\t\t        <\/div>\n    <\/article>\n<\/div>\n[\/vc_column_inner][\/vc_row_inner][\/vc_column][\/vc_row][vc_row][vc_column][vc_empty_space height=&#8221;72px&#8221;][\/vc_column][\/vc_row]<\/p>\n","protected":false},"excerpt":{"rendered":"<p>[vc_row full_width=&#8221;stretch_row&#8221; content_placement=&#8221;bottom&#8221; css=&#8221;.vc_custom_1626742412189{margin-bottom: 0px !important;border-bottom-width: 0px !important;padding-bottom: 0px !important;background: #ffffff url(https:\/\/www.casasparaty.com.br\/imoveis\/wp-content\/uploads\/2021\/07\/inoveis-slider-1.jpg?id=4498) !important;}&#8221;][vc_column css=&#8221;.vc_custom_1504771700068{padding-top: 39px !important;padding-bottom: 24px !important;}&#8221;][vc_empty_space][vc_row_inner][vc_column_inner width=&#8221;1\/4&#8243;][vc_single_image image=&#8221;4485&#8243; img_size=&#8221;full&#8221; css_animation=&#8221;zoomInDown&#8221; css=&#8221;.vc_custom_1626733231119{margin-bottom: 0px !important;border-bottom-width: 0px !important;padding-bottom: 0px !important;}&#8221; el_class=&#8221;align_botton&#8221;][\/vc_column_inner][vc_column_inner width=&#8221;1\/4&#8243;][vc_empty_space][vc_empty_space][\/vc_column_inner][vc_column_inner width=&#8221;1\/4&#8243;][vc_empty_space][vc_empty_space][\/vc_column_inner][vc_column_inner width=&#8221;1\/4&#8243;][vc_empty_space][vc_empty_space][\/vc_column_inner][\/vc_row_inner][\/vc_column][\/vc_row][vc_row][vc_column][vc_empty_space height=&#8221;72px&#8221;][\/vc_column][\/vc_row]<\/p>\n","protected":false},"author":1,"featured_media":4509,"parent":0,"menu_order":0,"comment_status":"closed","ping_status":"closed","template":"page_full-width-with-top-title.php","meta":{"_joinchat":[],"footnotes":""},"class_list":["post-4504","page","type-page","status-publish","has-post-thumbnail","hentry"],"acf":[],"yoast_head":"<!-- This site is optimized with the Yoast SEO Premium plugin v24.7 (Yoast SEO v27.0) - https:\/\/yoast.com\/product\/yoast-seo-premium-wordpress\/ -->\n<title>Servi\u00e7os - Imobili\u00e1ria Casas Paraty<\/title>\n<meta name=\"robots\" content=\"index, follow, max-snippet:-1, max-image-preview:large, max-video-preview:-1\" \/>\n<link rel=\"canonical\" href=\"https:\/\/www.casasparaty.com.br\/imoveis\/servicos\/\" \/>\n<meta property=\"og:locale\" content=\"pt_BR\" \/>\n<meta property=\"og:type\" content=\"article\" \/>\n<meta property=\"og:title\" content=\"Servi\u00e7os\" \/>\n<meta property=\"og:description\" content=\"[vc_row full_width=&#8221;stretch_row&#8221; content_placement=&#8221;bottom&#8221; css=&#8221;.vc_custom_1626742412189{margin-bottom: 0px !important;border-bottom-width: 0px !important;padding-bottom: 0px !important;background: #ffffff url(https:\/\/www.casasparaty.com.br\/imoveis\/wp-content\/uploads\/2021\/07\/inoveis-slider-1.jpg?id=4498) !important;}&#8221;][vc_column css=&#8221;.vc_custom_1504771700068{padding-top: 39px !important;padding-bottom: 24px !important;}&#8221;][vc_empty_space][vc_row_inner][vc_column_inner width=&#8221;1\/4&#8243;][vc_single_image image=&#8221;4485&#8243; img_size=&#8221;full&#8221; css_animation=&#8221;zoomInDown&#8221; css=&#8221;.vc_custom_1626733231119{margin-bottom: 0px !important;border-bottom-width: 0px !important;padding-bottom: 0px !important;}&#8221; el_class=&#8221;align_botton&#8221;][\/vc_column_inner][vc_column_inner width=&#8221;1\/4&#8243;][vc_empty_space][vc_empty_space][\/vc_column_inner][vc_column_inner width=&#8221;1\/4&#8243;][vc_empty_space][vc_empty_space][\/vc_column_inner][vc_column_inner width=&#8221;1\/4&#8243;][vc_empty_space][vc_empty_space][\/vc_column_inner][\/vc_row_inner][\/vc_column][\/vc_row][vc_row][vc_column][vc_empty_space height=&#8221;72px&#8221;][\/vc_column][\/vc_row]\" \/>\n<meta property=\"og:url\" content=\"https:\/\/www.casasparaty.com.br\/imoveis\/servicos\/\" \/>\n<meta property=\"og:site_name\" content=\"Imobili\u00e1ria Casas Paraty\" \/>\n<meta property=\"article:modified_time\" content=\"2024-11-12T20:30:13+00:00\" \/>\n<meta property=\"og:image\" content=\"https:\/\/www.casasparaty.com.br\/imoveis\/wp-content\/uploads\/2021\/07\/bg-home-casas-paraty.jpg\" \/>\n\t<meta property=\"og:image:width\" content=\"2000\" \/>\n\t<meta property=\"og:image:height\" content=\"1007\" \/>\n\t<meta property=\"og:image:type\" content=\"image\/jpeg\" \/>\n<meta name=\"twitter:card\" content=\"summary_large_image\" \/>\n<meta name=\"twitter:label1\" content=\"Est. tempo de leitura\" \/>\n\t<meta name=\"twitter:data1\" content=\"2 minutos\" \/>\n<script type=\"application\/ld+json\" class=\"yoast-schema-graph\">{\"@context\":\"https:\/\/schema.org\",\"@graph\":[{\"@type\":\"WebPage\",\"@id\":\"https:\/\/www.casasparaty.com.br\/imoveis\/servicos\/\",\"url\":\"https:\/\/www.casasparaty.com.br\/imoveis\/servicos\/\",\"name\":\"Servi\u00e7os - Imobili\u00e1ria Casas Paraty\",\"isPartOf\":{\"@id\":\"https:\/\/www.casasparaty.com.br\/imoveis\/#website\"},\"primaryImageOfPage\":{\"@id\":\"https:\/\/www.casasparaty.com.br\/imoveis\/servicos\/#primaryimage\"},\"image\":{\"@id\":\"https:\/\/www.casasparaty.com.br\/imoveis\/servicos\/#primaryimage\"},\"thumbnailUrl\":\"https:\/\/www.casasparaty.com.br\/imoveis\/wp-content\/uploads\/2021\/07\/bg-home-casas-paraty.jpg\",\"datePublished\":\"2021-07-20T13:12:06+00:00\",\"dateModified\":\"2024-11-12T20:30:13+00:00\",\"breadcrumb\":{\"@id\":\"https:\/\/www.casasparaty.com.br\/imoveis\/servicos\/#breadcrumb\"},\"inLanguage\":\"pt-BR\",\"potentialAction\":[{\"@type\":\"ReadAction\",\"target\":[\"https:\/\/www.casasparaty.com.br\/imoveis\/servicos\/\"]}]},{\"@type\":\"ImageObject\",\"inLanguage\":\"pt-BR\",\"@id\":\"https:\/\/www.casasparaty.com.br\/imoveis\/servicos\/#primaryimage\",\"url\":\"https:\/\/www.casasparaty.com.br\/imoveis\/wp-content\/uploads\/2021\/07\/bg-home-casas-paraty.jpg\",\"contentUrl\":\"https:\/\/www.casasparaty.com.br\/imoveis\/wp-content\/uploads\/2021\/07\/bg-home-casas-paraty.jpg\",\"width\":2000,\"height\":1007},{\"@type\":\"BreadcrumbList\",\"@id\":\"https:\/\/www.casasparaty.com.br\/imoveis\/servicos\/#breadcrumb\",\"itemListElement\":[{\"@type\":\"ListItem\",\"position\":1,\"name\":\"In\u00edcio\",\"item\":\"https:\/\/www.casasparaty.com.br\/imoveis\/\"},{\"@type\":\"ListItem\",\"position\":2,\"name\":\"Servi\u00e7os\"}]},{\"@type\":\"WebSite\",\"@id\":\"https:\/\/www.casasparaty.com.br\/imoveis\/#website\",\"url\":\"https:\/\/www.casasparaty.com.br\/imoveis\/\",\"name\":\"Imobili\u00e1ria Casas Paraty\",\"description\":\"Nosso site tem o compromisso fundamentado com nosso cliente para levar as melhores ofertas e a comodidade de um atendimento diferenciado.\",\"publisher\":{\"@id\":\"https:\/\/www.casasparaty.com.br\/imoveis\/#\/schema\/person\/67702f8ad6aa9c8c7fedcf3c0df0ea70\"},\"alternateName\":\"Casas Paraty Im\u00f3veis\",\"potentialAction\":[{\"@type\":\"SearchAction\",\"target\":{\"@type\":\"EntryPoint\",\"urlTemplate\":\"https:\/\/www.casasparaty.com.br\/imoveis\/?s={search_term_string}\"},\"query-input\":{\"@type\":\"PropertyValueSpecification\",\"valueRequired\":true,\"valueName\":\"search_term_string\"}}],\"inLanguage\":\"pt-BR\"},{\"@type\":[\"Person\",\"Organization\"],\"@id\":\"https:\/\/www.casasparaty.com.br\/imoveis\/#\/schema\/person\/67702f8ad6aa9c8c7fedcf3c0df0ea70\",\"name\":\"admin\",\"image\":{\"@type\":\"ImageObject\",\"inLanguage\":\"pt-BR\",\"@id\":\"https:\/\/www.casasparaty.com.br\/imoveis\/#\/schema\/person\/image\/\",\"url\":\"https:\/\/www.casasparaty.com.br\/imoveis\/wp-content\/uploads\/2025\/06\/logo-facebook.png\",\"contentUrl\":\"https:\/\/www.casasparaty.com.br\/imoveis\/wp-content\/uploads\/2025\/06\/logo-facebook.png\",\"width\":184,\"height\":200,\"caption\":\"admin\"},\"logo\":{\"@id\":\"https:\/\/www.casasparaty.com.br\/imoveis\/#\/schema\/person\/image\/\"},\"ownershipFundingInfo\":\"https:\/\/www.casasparaty.com.br\/imoveis\/servicos\/\"}]}<\/script>\n<!-- \/ Yoast SEO Premium plugin. -->","yoast_head_json":{"title":"Servi\u00e7os - Imobili\u00e1ria Casas Paraty","robots":{"index":"index","follow":"follow","max-snippet":"max-snippet:-1","max-image-preview":"max-image-preview:large","max-video-preview":"max-video-preview:-1"},"canonical":"https:\/\/www.casasparaty.com.br\/imoveis\/servicos\/","og_locale":"pt_BR","og_type":"article","og_title":"Servi\u00e7os","og_description":"[vc_row full_width=&#8221;stretch_row&#8221; content_placement=&#8221;bottom&#8221; css=&#8221;.vc_custom_1626742412189{margin-bottom: 0px !important;border-bottom-width: 0px !important;padding-bottom: 0px !important;background: #ffffff url(https:\/\/www.casasparaty.com.br\/imoveis\/wp-content\/uploads\/2021\/07\/inoveis-slider-1.jpg?id=4498) !important;}&#8221;][vc_column css=&#8221;.vc_custom_1504771700068{padding-top: 39px !important;padding-bottom: 24px !important;}&#8221;][vc_empty_space][vc_row_inner][vc_column_inner width=&#8221;1\/4&#8243;][vc_single_image image=&#8221;4485&#8243; img_size=&#8221;full&#8221; css_animation=&#8221;zoomInDown&#8221; css=&#8221;.vc_custom_1626733231119{margin-bottom: 0px !important;border-bottom-width: 0px !important;padding-bottom: 0px !important;}&#8221; el_class=&#8221;align_botton&#8221;][\/vc_column_inner][vc_column_inner width=&#8221;1\/4&#8243;][vc_empty_space][vc_empty_space][\/vc_column_inner][vc_column_inner width=&#8221;1\/4&#8243;][vc_empty_space][vc_empty_space][\/vc_column_inner][vc_column_inner width=&#8221;1\/4&#8243;][vc_empty_space][vc_empty_space][\/vc_column_inner][\/vc_row_inner][\/vc_column][\/vc_row][vc_row][vc_column][vc_empty_space height=&#8221;72px&#8221;][\/vc_column][\/vc_row]","og_url":"https:\/\/www.casasparaty.com.br\/imoveis\/servicos\/","og_site_name":"Imobili\u00e1ria Casas Paraty","article_modified_time":"2024-11-12T20:30:13+00:00","og_image":[{"width":2000,"height":1007,"url":"https:\/\/www.casasparaty.com.br\/imoveis\/wp-content\/uploads\/2021\/07\/bg-home-casas-paraty.jpg","type":"image\/jpeg"}],"twitter_card":"summary_large_image","twitter_misc":{"Est. tempo de leitura":"2 minutos"},"schema":{"@context":"https:\/\/schema.org","@graph":[{"@type":"WebPage","@id":"https:\/\/www.casasparaty.com.br\/imoveis\/servicos\/","url":"https:\/\/www.casasparaty.com.br\/imoveis\/servicos\/","name":"Servi\u00e7os - Imobili\u00e1ria Casas Paraty","isPartOf":{"@id":"https:\/\/www.casasparaty.com.br\/imoveis\/#website"},"primaryImageOfPage":{"@id":"https:\/\/www.casasparaty.com.br\/imoveis\/servicos\/#primaryimage"},"image":{"@id":"https:\/\/www.casasparaty.com.br\/imoveis\/servicos\/#primaryimage"},"thumbnailUrl":"https:\/\/www.casasparaty.com.br\/imoveis\/wp-content\/uploads\/2021\/07\/bg-home-casas-paraty.jpg","datePublished":"2021-07-20T13:12:06+00:00","dateModified":"2024-11-12T20:30:13+00:00","breadcrumb":{"@id":"https:\/\/www.casasparaty.com.br\/imoveis\/servicos\/#breadcrumb"},"inLanguage":"pt-BR","potentialAction":[{"@type":"ReadAction","target":["https:\/\/www.casasparaty.com.br\/imoveis\/servicos\/"]}]},{"@type":"ImageObject","inLanguage":"pt-BR","@id":"https:\/\/www.casasparaty.com.br\/imoveis\/servicos\/#primaryimage","url":"https:\/\/www.casasparaty.com.br\/imoveis\/wp-content\/uploads\/2021\/07\/bg-home-casas-paraty.jpg","contentUrl":"https:\/\/www.casasparaty.com.br\/imoveis\/wp-content\/uploads\/2021\/07\/bg-home-casas-paraty.jpg","width":2000,"height":1007},{"@type":"BreadcrumbList","@id":"https:\/\/www.casasparaty.com.br\/imoveis\/servicos\/#breadcrumb","itemListElement":[{"@type":"ListItem","position":1,"name":"In\u00edcio","item":"https:\/\/www.casasparaty.com.br\/imoveis\/"},{"@type":"ListItem","position":2,"name":"Servi\u00e7os"}]},{"@type":"WebSite","@id":"https:\/\/www.casasparaty.com.br\/imoveis\/#website","url":"https:\/\/www.casasparaty.com.br\/imoveis\/","name":"Imobili\u00e1ria Casas Paraty","description":"Nosso site tem o compromisso fundamentado com nosso cliente para levar as melhores ofertas e a comodidade de um atendimento diferenciado.","publisher":{"@id":"https:\/\/www.casasparaty.com.br\/imoveis\/#\/schema\/person\/67702f8ad6aa9c8c7fedcf3c0df0ea70"},"alternateName":"Casas Paraty Im\u00f3veis","potentialAction":[{"@type":"SearchAction","target":{"@type":"EntryPoint","urlTemplate":"https:\/\/www.casasparaty.com.br\/imoveis\/?s={search_term_string}"},"query-input":{"@type":"PropertyValueSpecification","valueRequired":true,"valueName":"search_term_string"}}],"inLanguage":"pt-BR"},{"@type":["Person","Organization"],"@id":"https:\/\/www.casasparaty.com.br\/imoveis\/#\/schema\/person\/67702f8ad6aa9c8c7fedcf3c0df0ea70","name":"admin","image":{"@type":"ImageObject","inLanguage":"pt-BR","@id":"https:\/\/www.casasparaty.com.br\/imoveis\/#\/schema\/person\/image\/","url":"https:\/\/www.casasparaty.com.br\/imoveis\/wp-content\/uploads\/2025\/06\/logo-facebook.png","contentUrl":"https:\/\/www.casasparaty.com.br\/imoveis\/wp-content\/uploads\/2025\/06\/logo-facebook.png","width":184,"height":200,"caption":"admin"},"logo":{"@id":"https:\/\/www.casasparaty.com.br\/imoveis\/#\/schema\/person\/image\/"},"ownershipFundingInfo":"https:\/\/www.casasparaty.com.br\/imoveis\/servicos\/"}]}},"_links":{"self":[{"href":"https:\/\/www.casasparaty.com.br\/imoveis\/wp-json\/wp\/v2\/pages\/4504","targetHints":{"allow":["GET"]}}],"collection":[{"href":"https:\/\/www.casasparaty.com.br\/imoveis\/wp-json\/wp\/v2\/pages"}],"about":[{"href":"https:\/\/www.casasparaty.com.br\/imoveis\/wp-json\/wp\/v2\/types\/page"}],"author":[{"embeddable":true,"href":"https:\/\/www.casasparaty.com.br\/imoveis\/wp-json\/wp\/v2\/users\/1"}],"replies":[{"embeddable":true,"href":"https:\/\/www.casasparaty.com.br\/imoveis\/wp-json\/wp\/v2\/comments?post=4504"}],"version-history":[{"count":6,"href":"https:\/\/www.casasparaty.com.br\/imoveis\/wp-json\/wp\/v2\/pages\/4504\/revisions"}],"predecessor-version":[{"id":7682,"href":"https:\/\/www.casasparaty.com.br\/imoveis\/wp-json\/wp\/v2\/pages\/4504\/revisions\/7682"}],"wp:featuredmedia":[{"embeddable":true,"href":"https:\/\/www.casasparaty.com.br\/imoveis\/wp-json\/wp\/v2\/media\/4509"}],"wp:attachment":[{"href":"https:\/\/www.casasparaty.com.br\/imoveis\/wp-json\/wp\/v2\/media?parent=4504"}],"curies":[{"name":"wp","href":"https:\/\/api.w.org\/{rel}","templated":true}]}}